-2 + z/((-3)/22). Calculate the greatest common factor of 50 and b.
10
Suppose -4*a + b = -39, 4*a = 2*b - 12 + 50. What is the highest common factor of a and 40?
10
Suppose -4*a - 7*n = -5*n - 226, 2*n - 2 = 0. Calculate the highest common factor of 8 and a.
8
Let a be (-4 + 1)*-1 + 18. Calculate the highest common divisor of a and 21.
21
Let m = 27 - 16. What is the greatest common divisor of 44 and m?
11
Suppose -3*y + 2*t + 2*t + 21 = 0, 21 = 4*y - 3*t. Suppose -4*q + 27 = -57. What is the greatest common factor of y and q?
3
Let w be 2 + (-5)/(5/2). Suppose w*o + 19 = -o. Let h = -9 - o. Calculate the highest common factor of h and 110.
10
Let i be (-2)/(-4) + 60/8. Suppose i = 4*f, 4*f + 18 = 2*r + 3*f. Calculate the greatest common divisor of r and 5.
5
Let h(v) = -v + 4. Let u(y) = 2*y - 1. Let d be u(3). Let x be h(d). Let m be (-6 - x)*(2 + -4). What is the highest common factor of m and 4?
2
Suppose 0 = -3*b - 2*j + 205, -3*b + 2*j + 212 = -3*j. Calculate the highest common factor of 23 and b.
23
Let n = -105 - -226. Calculate the highest common factor of n and 11.
11
Suppose 3*v + v = 4*a - 12, -4 = -a. What is the highest common factor of 11 and v?
1
Suppose a = 5*a - 308. Suppose x = f - 11 + 2, -4*f - 2*x = -48. Calculate the highest common divisor of f and a.
11
Let m(g) = 173*g + 1. Let l be m(-1). Let o = -108 - l. Let t be -1 + 2 + (-1 - -8). Calculate the greatest common divisor of t and o.
8
Let l = -8 + 18. Calculate the highest common factor of l and 55.
5
Let f(q) = 0*q + 10*q**2 - 9 - 2*q**2 + q**3 - 2*q. Let i be f(-7). Let y(z) = -z**3 - z**2 + 3*z. Let b be y(-4). What is the highest common factor of b and i?
18
Let j(m) = 5*m**2 + 18*m + 46. Let p be j(-12). Calculate the highest common divisor of p and 50.
50
Let o = 1 - -44. Calculate the highest common divisor of o and 60.
15
Let i = -12 + 22. What is the highest common factor of i and 5?
5
Let s(i) = -12*i**2 + 3*i - 1. Let z(m) = -13*m**2 + 3*m - 1. Let o(f) = 3*s(f) - 4*z(f). Let d be o(3). Calculate the greatest common divisor of 17 and d.
17
Suppose x + 10 = -2*p - 1, 4*p + 25 = -3*x. Let u be (3 + p)/(2/(-10)). Calculate the highest common factor of u and 20.
5
Suppose -3 = s, 3*s = 4*z - 0*s - 33. Let r = -82 - -38. Let c = 10 - r. Calculate the greatest common divisor of z and c.
6
Let o be (6 - 1)/((-1)/(-1)). Suppose -8*p = i - 3*p - 44, -o*i - 5*p + 140 = 0. Let z be ((-2)/(-4))/(2/i). Calculate the greatest common divisor of z and 36.
6
Let v = -16 - -29. What is the highest common divisor of v and 26?
13
Suppose 166 + 8 = 3*g. What is the greatest common factor of 29 and g?
29
Suppose 5*b = -5*r + 130, 10 = 3*r - r. Calculate the greatest common factor of 6 and b.
3
Let b = 200 - 190. Let y = -9 - -15. Suppose w - y = -1. Calculate the highest common factor of w and b.
5
Let q(u) = u**3 - 7*u**2 + u - 5. Let d be q(7). Suppose 15 = z + d*z. Suppose -z*g = -g - 136. Calculate the highest common divisor of 51 and g.
17
Suppose 148 = 2*f + 3*u, 5*f - 5*u - 176 = 219. What is the highest common divisor of 11 and f?
11
Suppose -h = 2*z - 11, 0*z - 4*h - 6 = -2*z. Calculate the highest common factor of 45 and z.
5
Suppose 0*o - 78 = -6*o. Suppose 2*z - 176 = -0*z. Let v = z + -36. What is the highest common divisor of o and v?
13
Let k be (1/(-2))/((-2)/108). Let y(v) = v**2 - 6*v + 6. Let w be y(6). Suppose 5*j - 96 + w = 0. What is the highest common divisor of j and k?
9
Suppose -7*z + 224 - 49 = 0. Let t = -2 - -12. What is the greatest common factor of t and z?
5
Let d be 4/6 - (-56)/(-3). Let y be (24/d)/((-2)/6). What is the greatest common factor of y and 12?
4
Suppose 5*q - 3 = -23. Let f be 2*q/(32/(-28)). Calculate the highest common divisor of 7 and f.
7
Let o = -52 + 55. Calculate the greatest common divisor of 12 and o.
3
Let h = 86 - 46. Let z be 456/h + (-4)/10. Calculate the highest common divisor of 44 and z.
11
Let z(n) = -n + 2. Let o = 0 - 0. Let x be z(o). Suppose -3*m - 2*i = x*m - 190, -m = i - 35. Calculate the highest common factor of 16 and m.
8
Suppose -2*k = k. Suppose o + 2*c = -k*o, 3*o = 5*c. Let y = o + 10. Calculate the greatest common factor of 80 and y.
10
Suppose 5*l - 279 = 41. Let b be l + 2/(-2 - 0). What is the greatest common divisor of b and 9?
9
Suppose 45 = -4*i - 63. Let g be i/(2*(-9)/12). Calculate the highest common divisor of g and 45.
9
Let w be 2/(-11) + 24/11. Suppose w*k = 5*n - 2*n - 13, -4*k = 4*n - 44. What is the greatest common divisor of n and 28?
7
Let a = -16 - -4. Let g = 92 + a. Calculate the highest common divisor of 20 and g.
20
Let h = 108 - 54. Calculate the highest common factor of h and 6.
6
Let a(s) = -7*s - s**2 + 13 - 3*s + 0*s. Let d be a(-9). What is the greatest common factor of 220 and d?
22
Let n(u) = -u**3 + 15*u**2 + 32*u + 35. Let a be n(17). Let s be ((-10)/3)/(2/(-6)). What is the highest common divisor of s and a?
1
Suppose 25 = -8*u + 3*u. Let n = 1 - u. Calculate the highest common divisor of 42 and n.
6
Suppose 0 = -4*v + 166 + 142. What is the highest common divisor of v and 22?
11
Let r be 2*1 - (-6)/2. Let p = 9 - r. Suppose -p*l + 2*l + 12 = 0. Calculate the greatest common factor of l and 2.
2
Let i be 3*(1 - -1)/(-6). Let z be i/(-3) + (-334)/(-6). Calculate the highest common factor of z and 7.
7
Suppose -a + 7*a = 18. Calculate the greatest common divisor of a and 2.
1
Let q = 2 + 2. What is the greatest common factor of q and 44?
4
Suppose 4*m = -5*m + 360. What is the greatest common divisor of m and 440?
40
Let b be (-338)/(-5) + (-2)/(-5). Suppose -3*f + b = f. Let v be 688/20 - (-4)/(-10). Calculate the greatest common factor of v and f.
17
Suppose -i - 13 + 14 = 0. Calculate the greatest common factor of 7 and i.
1
Let i = -75 + 135. Let m be ((-1)/(-3))/(5/i). Suppose c + m*c - 474 = 4*g, 2*g - 204 = -2*c. Calculate the greatest common factor of c and 14.
14
Let v = -29 + 18. Let q(o) = -o**2 - 13*o - 13. Let p be q(v). Let w = 94 - 67. Calculate the greatest common divisor of p and w.
9
Suppose f = -0*f + 4. Suppose -c + d + 5 = -3*d, -25 = -5*c - f*d. What is the greatest common divisor of c and 45?
5
Let m(q) = q**3 - 4*q**2 - 8*q + 9. Let t be m(7). Suppose 3*l - t = -2*l. Let r(h) = 2*h - 9. Let w be r(7). What is the greatest common divisor of l and w?
5
Suppose -11 = -3*a + 4*q, 4*a + q = -2*q + 23. Let b = a - -7. What is the highest common divisor of 84 and b?
12
Let k be (28/5)/((-3)/(-60)). What is the greatest common divisor of k and 7?
7
Suppose -2*h + 2*a - a = -11, -21 = -4*h + a. Let s(r) = r**2 - 4*r + 1. Let w be s(h). Calculate the highest common divisor of 24 and w.
6
Let j be (-5)/(-3) - 4/(-12). Suppose 2*i = k - 36 + 396, -5*i = -j*k - 900. Suppose -i = -6*u + u. Calculate the greatest common factor of u and 4.
4
Let k = 7 + -5. Suppose 0 = 5*m - k*m - 240. Calculate the highest common factor of 10 and m.
10
Let b be (-150)/(-7) + 12/21. Calculate the highest common factor of b and 2.
2
Let k = -67 + 127. Suppose -6*t + k = 5*s - 2*t, -12 = -s - 2*t. What is the highest common divisor of 6 and s?
6
Let o(s) be the second derivative of s**5/20 + 11*s**2 - 4*s. Let l be o(0). Calculate the greatest common factor of 198 and l.
22
Let a = 47 + -36. Calculate the greatest common factor of 88 and a.
11
Let b be (28/(-12))/7*-33. Suppose 5*c - 75 = -5*l, c = -c - 4*l + 38. What is the greatest common factor of b and c?
11
Suppose x = 2*x. Let t be x - 8/(-2) - 1. Suppose t*l - l = 8. What is the highest common divisor of l and 36?
4
Let f = -1 - -3. Suppose -4*r - 5*h + 1 = 0, h - 4*h + 3 = 3*r. Suppose 3*s = -r*y + 16, f*s = -s + 5*y + 34. What is the highest common factor of 24 and s?
8
Suppose 5*v = -5*j + 1185, -2*j - v = -507 + 30. Calculate the greatest common divisor of j and 10.
10
Suppose 0 = 4*u - 7*u - s + 59, 2*u - 46 = -2*s. What is the greatest common divisor of u and 6?
6
Suppose -5*m = -0*s + 2*s + 1, -s - 3*m - 1 = 0. Suppose s*f - 4*f + 30 = -4*w, w - 6 = -f. Let z = 44 - 17. What is the highest common divisor of z and f?
9
Suppose -2*z + 50 = -2*i, 8*z - 11*z + i + 67 = 0. What is the greatest common factor of z and 49?
7
Let p be -9 + 2 + 0 + 1. Let t(o) = o**3 + 5*o**2 - 9*o - 6. Let y be t(p). Suppose -5*n + 1 + 